ed thousands digit of 286977841?
9
What is the hundreds digit of 1083561213?
2
What is the hundred millions digit of 174825564?
1
What is the ten thousands digit of 65272244?
7
What is the thousands digit of 99959984?
9
What is the millions digit of 5657538259?
7
What is the tens digit of 1612468132?
3
What is the units digit of 26467171?
1
What is the ten thousands digit of 25829133?
2
What is the millions digit of 2554320518?
4
What is the hundred thousands digit of 4858013797?
0
What is the tens digit of 1165277283?
8
What is the hundred thousands digit of 1146968469?
9
What is the hundreds digit of 449315498?
4
What is the units digit of 96689612?
2
What is the units digit of 631484397?
7
What is the hundred thousands digit of 346138593?
1
What is the ten millions digit of 1224686302?
2
What is the hundreds digit of 621290837?
8
What is the millions digit of 3880171?
3
What is the ten millions digit of 257372867?
5
What is the hundred thousands digit of 219246857?
2
What is the thousands digit of 12036663?
6
What is the thousands digit of 619224711?
4
What is the hundreds digit of 113364473?
4
What is the thousands digit of 2407810177?
0
What is the thousands digit of 96278534?
8
What is the hundred thousands digit of 36172980?
1
What is the hundred millions digit of 953263825?
9
What is the billions digit of 1059126792?
1
What is the hundred millions digit of 550174627?
5
What is the tens digit of 1477808718?
1
What is the hundred thousands digit of 427993674?
9
What is the thousands digit of 8811231?
1
What is the hundreds digit of 2782270383?
3
What is the hundred millions digit of 541785364?
5
What is the hundreds digit of 162620572?
5
What is the tens digit of 19459403?
0
What is the thousands digit of 4140075?
0
What is the units digit of 76594234?
4
What is the millions digit of 1035791424?
5
What is the units digit of 122888925?
5
What is the tens digit of 22138837?
3
What is the ten millions digit of 1198284961?
9
What is the hundred thousands digit of 3085175520?
1
What is the billions digit of 2621127332?
2
What is the thousands digit of 810044177?
4
What is the hundreds digit of 24687092?
0
What is the ten thousands digit of 1026594121?
9
What is the thousands digit of 8303195?
3
What is the hundred thousands digit of 3248791985?
7
What is the hundreds digit of 42448685?
6
What is the millions digit of 437616288?
7
What is the hundred thousands digit of 60849405?
8
What is the thousands digit of 1244108651?
8
What is the millions digit of 36837327?
6
What is the hundred thousands digit of 6922128374?
1
What is the millions digit of 86585949?
6
What is the ten thousands digit of 54294673?
9
What is the ten millions digit of 118353050?
1
What is the ten millions digit of 4164642739?
6
What is the ten millions digit of 4212688260?
1
What is the ten thousands digit of 48420353?
2
What is the tens digit of 269671201?
0
What is the billions digit of 2685111191?
2
What is the thousands digit of 200501532?
1
What is the tens digit of 29872939?
3
What is the units digit of 34438074?
4
What is the tens digit of 238919076?
7
What is the millions digit of 8167765348?
7
What is the hundred thousands digit of 241406501?
4
What is the thousands digit of 1798851689?
1
What is the ten thousands digit of 246982130?
8
What is the ten millions digit of 460065935?
6
What is the hundred thousands digit of 3723251590?
2
What is the thousands digit of 527160360?
0
What is the units digit of 3358036800?
0
What is the hundred millions digit of 526365465?
5
What is the units digit of 253381418?
8
What is the hundred thousands digit of 240635352?
6
What is the thousands digit of 108005907?
5
What is the ten thousands digit of 3484509454?
0
What is the hundred millions digit of 2093126770?
0
What is the tens digit of 50930951?
5
What is the hundreds digit of 233130833?
8
What is the ten thousands digit of 900002813?
0
What is the hundreds digit of 24808967?
9
What is the tens digit of 992702576?
7
What is the millions digit of 378943459?
8
What is the units digit of 633915793?
3
What is the millions digit of 230274619?
0
What is the hundreds digit of 13005327?
3
What is the tens digit of 276775775?
7
What is the tens digit of 342880574?
7
What is the units digit of 298378578?
8
What is the thousands digit of 2286610672?
0
What is the tens digit of 3150933157?
5
What is the tens digit of 3442474214?
1
What is the millions digit of 96376754?
6
What is the tens digit of 98068490?
9
What is the units digit of 99354732?
2
What is the thousands digit of 187604609?
4
What is the ten millions digit of 3555594823?
5
What is the units digit of 32618028?
8
What is the tens digit of 9901552?
5
What is the ten thousands digit of 274947531?
4
What is the hundred thousands digit of 114281189?
2
What is the hundreds digit of 43677888?
8
What is the hundreds digit of 1551364488?
4
What is the hundred millions digit of 395994142?
3
What is the hundred millions digit of 1459356671?
4
What is the thousands digit of 98190482?
0
What is the tens digit of 182804314?
1
What is the hundreds digit of 355626552?
5
What is the millions digit of 25781418?
5
What is the hundreds digit of 11318129?
1
What is the units digit of 667642777?
7
What is the hundred millions digit of 142675198?
1
What is the ten thousands digit of 742406681?
0
What is the hundred thousands digit of 24243543?
2
What is the ten millions digit of 26742230?
2
What is the hundreds digit of 12500353?
3
What is the ten thousands digit of 141936628?
3
What is the tens digit of 3527699493?
9
What is the hundred millions digit of 693519209?
6
What is the tens digit of 501389841?
4
What is the tens digit of 43810555?
5
What is the tens digit of 284258730?
3
What is the tens digit of 441974871?
7
What is the thousands digit of 1431300719?
0
What is the ten millions digit of 32011874?
3
What is the ten millions digit of 1912210599?
1
What is the millions digit of 13339744?
3
What is the hundreds digit of 130097113?
1
What is the ten millions digit of 221086483?
2
What is the tens digit of 282794940?
4
What is the millions digit of 2014306914?
4
What is the ten millions digit of 58408061?
5
What is the ten thousands digit of 4636810151?
1
What is the units digit of 125914528?
8
What is the units digit of 139924058?
8
What is the ten millions digit of 122978831?
2
What is the ten millions digit of 116512558?
1
What is the hundreds digit of 43969153?
1
What is the tens digit of 48056432?
3
What is the hundred thousands digit of 68073759?
0
What is the hundred millions digit of 1358076764?
3
What is the thousands digit of 1034618267?
8
What is the ten thousands digit of 59897663?
9
What is the ten thousands digit of 3941500443?
0
What is the ten millions digit of 63233785?
6
What is the millions digit of 195485364?
5
What is the units digit of 35347520?
0
What is the thousands digit of 93326064?
6
What is the tens digit of 671206314?
1
What is the hundreds digit of 796433200?
2
What is the hundred thousands digit of 6816901832?
9
What is the units digit of 3287696135?
5
What is the ten millions digit of 100325397?
0
What is the thousands digit of 37462945?
2
What is the hundreds digit of 462232370?
3
What is the units digit of 15845210?
0
What is the hundred thousands digit of 5275858860?
8
What is the tens digit of 44085573?
7
What is the tens digit of 25880500?
0
What is the hundred thousands digit of 114452024?
4
What is the millions digit of 303108985?
3
What is the ten thousands digit of 237943450?
4
What is the tens digit of 88116305?
0
What is the ten millions digit of 104117493?
0
What is the ten millions digit of 1077735579?
7
What is the hundreds digit of 326829878?
8
What is the tens digit of 215215805?
0
What is the thousands digit of 252615590?
5
What is the hundreds digit of 58945522?
5
What is the millions digit of 421914341?
1
What is the units digit of 382375342?
2
What is the units digit of 31581875?
5
What is the hundred thousands digit of 28944921?
9
What is the units digit of 85978807?
7
What is the hundred millions digit of 520798402?
5
What is the tens digit of 4189878182?
8
What is the hundred millions digit of 152594586?
1
What is the hundred thousands digit of 46057523?
0
What is the billions dig